the prime factors of 1 + 242 + (d - 1).
2, 31
Let p be -1*682/(-6) + (-24)/(-72). Let t = p + -49. What are the prime factors of t?
5, 13
Suppose 0 = -81*y + 86*y - 4*p - 2699, -2*y - 4*p + 1102 = 0. List the prime factors of y.
3, 181
Suppose -2*t = -0*o + o - 188, 4*t + 5*o = 388. What are the prime factors of (-9)/(-3)*(-2 + t/6)?
2, 5
Suppose 387 + 165 = 4*j. Let y = -65 + j. What are the prime factors of y?
73
Suppose -5*z + 2351 = -3*o, -o - 118 + 1054 = 2*z. List the prime factors of z.
7, 67
Let n = -393 + 54. What are the prime factors of (n + -7)*(3 - 2)/(-2)?
173
Suppose -21*a = -23*a - 3*o + 4025, 5*a - 2*o = 10034. What are the prime factors of a?
2, 251
Let y(g) = 9*g**2 + 35*g + 16. Let r(a) = 8*a**2 + 34*a + 16. Let m(o) = -7*r(o) + 6*y(o). List the prime factors of m(-13).
2, 5
Let g(y) = 2*y + 2. Let j be g(0). Let m be -2 + (j - -1) + -62. Let d = m - -99. What are the prime factors of d?
2, 19
Let y(m) = m**3 + 4*m**2 - 4*m. Suppose -t = w + 3, 0*w + 2*w - 4 = 0. Let n be y(t). List the prime factors of ((-20)/6)/(n/90).
2, 3, 5
List the prime factors of 3259/3*3 + 336/48.
2, 23, 71
What are the prime factors of 7/(147/2681) + 2/6?
2
Let w(b) = -b**2 + 81*b - 237. What are the prime factors of w(37)?
13, 107
Suppose 4*w - w - 4*y = -4, 0 = -2*w + 2*y. Suppose 0*f - w*f + 4 = 0, 0 = z - 2*f - 17. List the prime factors of z.
19
Suppose -5 = -2*b - 1. Let u(z) = -5*z**b - 7 + z**3 - 10*z**2 + 2*z**2 + z. List the prime factors of u(13).
2, 3
Let q(g) = 24*g**3 - 6*g**2 + 13*g - 26. What are the prime factors of q(4)?
2, 733
Let y(r) = 51*r + 395. What are the prime factors of y(18)?
13, 101
Suppose -5*q + 2*p = -q - 284, 0 = 3*q - p - 213. Let z = -26 + q. List the prime factors of z.
3, 5
Let y be (-2)/3*-18*20. Suppose 0*c = -5*c + y. List the prime factors of c.
2, 3
Suppose 3*b - 4 = -b, 0 = x - 4*b - 129. What are the prime factors of x?
7, 19
Suppose 3*l + l = 12. Suppose -x = -3*v + 120, -4*v + 33 = l*x - 127. List the prime factors of v.
2, 5
Let w = -397 - -1596. List the prime factors of w.
11, 109
Let d(h) = -h**3 - 1. Let b be d(-1). Suppose b = -2*w + 48 + 56. What are the prime factors of w?
2, 13
Let u = -1047 - -2156. List the prime factors of u.
1109
Suppose -5*c - 347 = 3*i, c - 147 = 4*i + 331. Let f = i + 137. What are the prime factors of f?
2, 3
Let d be (-2)/2 + 0 + -3. Let l be d - 6*-1 - 0. Suppose -3*g - 5*x + 25 = 1, 2*g - l*x - 32 = 0. What are the prime factors of g?
13
Suppose -2*a - 2*h = 10, 0 = -a + 5*h - 4 + 5. What are the prime factors of (-2 - (-69)/2)/(a/(-24))?
3, 5, 13
Suppose 4*p - 13 = -3*o + 10, -5*p - 5 = 0. Let y = o + -5. List the prime factors of y.
2
Let i(n) = 5*n**2 + 4*n + 3. Let l be i(-3). Suppose -42 = l*r - 38*r. List the prime factors of r.
3, 7
Let z be (-4 - (4 + -9)) + 22. Let c = 38 - z. List the prime factors of c.
3, 5
Let n(p) = -p + 12. What are the prime factors of n(-17)?
29
Let p(t) = t + 26. Suppose -3*o = -0*b + 5*b - 22, 0 = 5*o + b. Let z be (o + 1)*2/(-4). List the prime factors of p(z).
2, 13
Let p(u) be the first derivative of 4*u**3/3 - u**2/2 + u - 4. Let o be p(1). List the prime factors of (-185)/(-15) - o/(-6).
13
Let g = -77 - -379. What are the prime factors of g?
2, 151
Suppose -105 = 4*f - f. Suppose 0 = -7*v + 3*v - 5*t - 5809, -7295 = 5*v - 5*t. List the prime factors of 2/5 + v/f.
2, 3, 7
What are the prime factors of ((-14)/(-3))/((-8574)/(-1071) - 8)?
7, 17
Let a(d) = 3*d - 2*d + d**2 + 0*d**2 + d. Let w = -13 + 18. List the prime factors of a(w).
5, 7
Let v(d) = -d**3 - 31*d**2 + 21*d - 21. List the prime factors of v(-33).
2, 3, 61
Let h = 37 + -6. Let q = -27 + h. What are the prime factors of q?
2
Let x(u) = u**3 + 28*u**2 + 19*u - 1. List the prime factors of x(-21).
2687
Let f = 15 + 3. Suppose f*b - 24*b + 930 = 0. What are the prime factors of b?
5, 31
Suppose -7*v + 273 = -455. Suppose 6*r = 2*r + v. List the prime factors of r.
2, 13
Let r = -1616 + 2315. List the prime factors of r.
3, 233
Let d be (-6)/(-10) - (-32)/80. List the prime factors of (20 - 1 - 0)*d.
19
Suppose u = -5*p + 10 + 629, -3*p = 5*u - 3239. What are the prime factors of u?
11, 59
Let z(l) = 209*l**3 - 2*l**2 + 2*l + 1. List the prime factors of z(2).
1669
Let g = 0 + 1. Let k be (0/g + 0)/(-3). Suppose f + k*f - 15 = 0. What are the prime factors of f?
3, 5
Suppose -3 - 13 = -4*t. Let u(w) = w**3 - w**2 + 3*w. Let k be u(t). Suppose 3*c = 5*h - k, 3*h - 4*h = 4*c - 12. What are the prime factors of h?
2, 3
Suppose y - 78 = -5*n, -49 - 9 = -4*n - 3*y. Suppose -i + n = g - 3, 2*g - 50 = 4*i. List the prime factors of g.
3, 7
Let c = -29 + 31. Let b be (-1444)/19 - 2/c. Let l = -33 - b. What are the prime factors of l?
2, 11
Let r = 44 + -28. Let h = r - -5. What are the prime factors of h?
3, 7
Let g be (15 + 2 - 2) + 6 + -3. Suppose -g*f - 302 = -4172. List the prime factors of f.
5, 43
Let k = -89 - -45. Suppose 42*h - 37*h = 375. Let a = k + h. What are the prime factors of a?
31
Suppose -2*g - 1435 - 3077 = -2*z, -16 = -4*g. List the prime factors of z.
2, 5, 113
Let k = 315 - -306. What are the prime factors of k?
3, 23
Let n(p) = p**3 + 8*p**2 + 9*p + 6. Suppose i - 40 = -2*f - 12, 0 = -2*i - 8. Suppose y + 25 = -4*z, 0*y - 2*y = -3*z - f. List the prime factors of n(z).
2, 3
Suppose 0 = 2*x - 2*f - 712, x = -0*x - f + 360. List the prime factors of x.
2, 179
Suppose -3*o = -0*o - 3*n - 3, 2*n + 10 = 4*o. What are the prime factors of 3/o + (-870)/(-24)?
37
Let z(v) = v**2 - 5*v - 10. Let i be z(7). Suppose 5*h + 149 + 132 = i*d, 305 = 5*d + 3*h. Let l = d + -15. What are the prime factors of l?
7
Suppose -2840 = -5*g + 5*h, 3 = -3*h - 12. What are the prime factors of g?
563
Suppose -549 = -h + 4*j, 4*h + 4*j - 1891 = 325. What are the prime factors of h?
7, 79
Suppose -13 = -3*n - 5*t, -2*n = 2*n + 4*t - 12. Let f be 158*(n - 0)/2. Suppose 3*l - 84 = -3*c, -2*l + f = 3*c - 4*l. List the prime factors of c.
3
List the prime factors of 7*(-4 + (-416)/(-7)).
2, 97
Let h = -10 - -12. Suppose -3*u = h*s - 8 + 3, 2*s - 5*u = 29. What are the prime factors of s?
7
Suppose -520 = -13*i + 8*i. Suppose 2*h - i = -4*a + 50, -5*h + 343 = -4*a. What are the prime factors of h?
71
List the prime factors of (-1682)/(-2) - (9 - 8).
2, 3, 5, 7
Let t(m) = 122*m**2 - 23*m - 7. What are the prime factors of t(-3)?
2, 5, 29
Let d(p) = -p**2 + p + 320. List the prime factors of d(0).
2, 5
Let a be (1 - 0 - -1)/(98/2891). Suppose z - 78 = a. What are the prime factors of z?
137
Suppose 48 = -0*d + 3*d. Suppose d - 48 = v. Let l = -23 - v. List the prime factors of l.
3
Let h(m) = -14*m**3 + 3*m + 2. Let u be h(-1). Suppose 2*y - 28 = -4*a, -2*y + u = 5*a - 17. What are the prime factors of (38 - 0)/(y/15)?
3, 19
Let q = 322 + 159. List the prime factors of q.
13, 37
Suppose 0*o + 4 = 4*o. Let w be 2 + 0 + o + -1. Suppose 2*f - 18 = -w. What are the prime factors of f?
2
Let z(a) be the first derivative of -2*a**4 - 4*a**3/3 - 3*a**2 - 4*a + 24. List the prime factors of z(-2).
2, 7
Let u be (-1)/(-2) + (-21)/(-6). Suppose -z - u*v - 5 = 1, -v = -2*z + 6. List the prime factors of z.
2
Suppose 7*p + 68 = 5. What are the prime factors of -4*1 + 3/(p/(-525))?
3, 19
Suppose 14 - 34 = -4*b. Suppose -20 = b*f - 10*f. List the prime factors of 165/9 + f/(-3).
17
Suppose -4*k = 3*x - 2393, 2*k - 13*x + 8*x - 1229 = 0. What are the prime factors of k?
2, 7, 43
Let x = -69 - -67. List the prime factors of (6/3)/(3*x/(-21)).
7
Suppose 84 - 79 = c. Suppose c*h + 23 + 34 = 3*s, 4*h + 19 = s. List the prime factors of s.
19
Suppose 0*o + 2*r + 176 = 2*o, 9 = 3*r. Let c = -57 + o. What are the prime factors of c?
2, 17
Let n = 5882 + -4073. List the prime factors of n.
3, 67
Let x = 21 - 23. List the prime factors of 198 + -6 - (x + 5)*1.
3, 7
Let m be (6/5)/(2/(-10)). Let l(o) = -o**2 - 7*o + 8. Let z be l(m). Suppose 0 = 2*k + z - 56. What are the prime factors of k?
3, 7
Let y(p) = -15 + 8*p + 23 + 18 + 13. What are the prime factors of y(5)?
79
Let i(r) = r**2 - 10*r + 3. Let f(q) = -q - 10. Let l be f(-12). Suppose l*w = 4*p + 46, -4*w - p = -35 - 12. What are the prime factors of i(w)?
2, 3, 7
Let z(n) = -20*n + 40. List the prime factors of z(-5).
2, 5, 7
Let u(b) = 7*b**2 + 1